{"id":100,"date":"2021-06-20T16:43:46","date_gmt":"2021-06-20T16:43:46","guid":{"rendered":"https:\/\/eafc-thuin.be\/?page_id=100"},"modified":"2022-06-29T10:56:50","modified_gmt":"2022-06-29T10:56:50","slug":"complement-cess","status":"publish","type":"page","link":"https:\/\/eafc-thuin.be\/index.php\/complement-cess\/","title":{"rendered":"Compl\u00e9ment CESS"},"content":{"rendered":"<p><span id=\"page1R_mcid18\" class=\"markedContent\"><span dir=\"ltr\" role=\"presentation\"><strong>Objectifs de la formation.<br \/>\n<\/strong><\/span><\/span><\/p>\n<p><span id=\"page1R_mcid18\" class=\"markedContent\"><span dir=\"ltr\" role=\"presentation\">Cette section vise \u00e0 permettre \u00e0 l\u2019\u00e9tudiant qui poursuit ou a r\u00e9ussi une formation qualifiante<\/span><br role=\"presentation\" \/><span dir=\"ltr\" role=\"presentation\">correspondante d\u2019obtenir, en suivant un compl\u00e9ment de formation g\u00e9n\u00e9rale, le Certificat<\/span><br role=\"presentation\" \/><span dir=\"ltr\" role=\"presentation\">correspondant au Certificat d\u2019Enseignement secondaire sup\u00e9rieur.<\/span><\/span><\/p>\n<p>Formation en collaboration avec l&rsquo; Ameps d&rsquo;Erquelinnes.<\/p>\n<p>Une partie des cours se donnent \u00e0 Erquelinnes particuli\u00e8rement en E-learning.<\/p>\n<p><strong>Horaire<\/strong><\/p>\n<p>Les cours sont dispens\u00e9s <strong>en soir\u00e9e<\/strong> pendant <strong>une ann\u00e9e scolaire<\/strong>\u00a0:<\/p>\n<p><a href=\"https:\/\/eafc-thuin.be\/index.php\/horaire-complement-cess\/\"><img decoding=\"async\" class=\"alignnone wp-image-269 size-full\" src=\"https:\/\/eafc-thuin.be\/wp-content\/uploads\/2022\/01\/Timing_Miniature.png\" alt=\"\" width=\"100\" height=\"100\" \/><\/a><\/p>\n","protected":false},"excerpt":{"rendered":"<p>Objectifs de la formation. Cette section vise \u00e0 permettre \u00e0 l\u2019\u00e9tudiant qui poursuit ou a r\u00e9ussi une formation qualifiantecorrespondante d\u2019obtenir, en suivant un compl\u00e9ment de formation g\u00e9n\u00e9rale, le Certificatcorrespondant au Certificat d\u2019Enseignement secondaire sup\u00e9rieur. Formation en collaboration avec l&rsquo; Ameps d&rsquo;Erquelinnes. Une partie des cours se donnent \u00e0 Erquelinnes particuli\u00e8rement [&hellip;]<\/p>\n","protected":false},"author":1,"featured_media":0,"parent":0,"menu_order":0,"comment_status":"closed","ping_status":"closed","template":"","meta":{"_themeisle_gutenberg_block_has_review":false,"footnotes":""},"class_list":["post-100","page","type-page","status-publish","hentry"],"_links":{"self":[{"href":"https:\/\/eafc-thuin.be\/index.php\/wp-json\/wp\/v2\/pages\/100","targetHints":{"allow":["GET"]}}],"collection":[{"href":"https:\/\/eafc-thuin.be\/index.php\/wp-json\/wp\/v2\/pages"}],"about":[{"href":"https:\/\/eafc-thuin.be\/index.php\/wp-json\/wp\/v2\/types\/page"}],"author":[{"embeddable":true,"href":"https:\/\/eafc-thuin.be\/index.php\/wp-json\/wp\/v2\/users\/1"}],"replies":[{"embeddable":true,"href":"https:\/\/eafc-thuin.be\/index.php\/wp-json\/wp\/v2\/comments?post=100"}],"version-history":[{"count":5,"href":"https:\/\/eafc-thuin.be\/index.php\/wp-json\/wp\/v2\/pages\/100\/revisions"}],"predecessor-version":[{"id":468,"href":"https:\/\/eafc-thuin.be\/index.php\/wp-json\/wp\/v2\/pages\/100\/revisions\/468"}],"wp:attachment":[{"href":"https:\/\/eafc-thuin.be\/index.php\/wp-json\/wp\/v2\/media?parent=100"}],"curies":[{"name":"wp","href":"https:\/\/api.w.org\/{rel}","templated":true}]}}

Complément CESS

<p><span id="page1R_mcid18" class="markedContent"><span dir="ltr" role="presentation"><strong>Objectifs de la formation.<br />
</strong></span></span></p>
<p><span id="page1R_mcid18" class="markedContent"><span dir="ltr" role="presentation">Cette section vise à permettre à l’étudiant qui poursuit ou a réussi une formation qualifiante</span><br role="presentation" /><span dir="ltr" role="presentation">correspondante d’obtenir, en suivant un complément de formation générale, le Certificat</span><br role="presentation" /><span dir="ltr" role="presentation">correspondant au Certificat d’Enseignement secondaire supérieur.</span></span></p>
<p>Formation en collaboration avec l&rsquo; Ameps d&rsquo;Erquelinnes.</p>
<p>Une partie des cours se donnent à Erquelinnes particulièrement en E-learning.</p>
<p><strong>Horaire</strong></p>
<p>Les cours sont dispensés <strong>en soirée</strong> pendant <strong>une année scolaire</strong> :</p>
<p><a href="https://eafc-thuin.be/index.php/horaire-complement-cess/"><img decoding="async" class="alignnone wp-image-269 size-full" src="https://eafc-thuin.be/wp-content/uploads/2022/01/Timing_Miniature.png" alt="" width="100" height="100" /></a></p>

<p>Objectifs de la formation. Cette section vise à permettre à l’étudiant qui poursuit ou a réussi une formation qualifiantecorrespondante d’obtenir, en suivant un complément de formation générale, le Certificatcorrespondant au Certificat d’Enseignement secondaire supérieur. Formation en collaboration avec l&rsquo; Ameps d&rsquo;Erquelinnes. Une partie des cours se donnent à Erquelinnes particulièrement [&hellip;]</p>
