{"id":201,"date":"2021-09-07T08:52:41","date_gmt":"2021-09-07T08:52:41","guid":{"rendered":"https:\/\/eafc-thuin.be\/?page_id=201"},"modified":"2022-06-29T09:36:19","modified_gmt":"2022-06-29T09:36:19","slug":"langues-espagnol","status":"publish","type":"page","link":"https:\/\/eafc-thuin.be\/index.php\/langues-espagnol\/","title":{"rendered":"Langues &#8211; Espagnol"},"content":{"rendered":"<p><span style=\"text-decoration: underline; color: #3366ff;\"><strong>Pour :<\/strong><\/span><br \/>\ntout public, demandeur d&#8217;emploi, et titulaire d&rsquo;un certificat d&rsquo;enseignement secondaire inf\u00e9rieur (si pas vous pr\u00e9senterez un test d&rsquo;admission).<\/p>\n<p><strong><span class=\"JsGRdQ\"><span style=\"text-decoration: underline; color: #3366ff;\">Objectifs de la formation :<\/span><br \/>\n<\/span><\/strong><\/p>\n<p class=\"_04xlpA direction-ltr align-center para-style-body\"><span class=\"JsGRdQ\">Les composantes linguistiques (lexicales, grammaticales, s\u00e9mantiques, phonologiques et orthographiques), sociolinguistiques et pragmatiques de la comp\u00e9tence \u00e0 communiquer langagi\u00e8rement seront d\u00e9velopp\u00e9es \u00e0 partir de situations de communication afin d&rsquo;amener les \u00e9tudiants \u00e0 :<\/span><\/p>\n<p class=\"_04xlpA direction-ltr align-center para-style-body\"><span class=\"JsGRdQ\">\u2022 comprendre des messages oraux ;<br \/>\n<\/span><span class=\"JsGRdQ\">\u2022 comprendre des messages \u00e9crits ;<br \/>\n<\/span><span class=\"JsGRdQ\">\u2022 prendre part \u00e0 une conversation ;<br \/>\n<\/span><span class=\"JsGRdQ\">\u2022 s&rsquo;exprimer oralement en continu ;<br \/>\n<\/span><span class=\"JsGRdQ\">\u2022 s&rsquo;exprimer par \u00e9crit.<\/span><strong><span class=\"JsGRdQ\"><br \/>\n<\/span><\/strong><\/p>\n<p><span style=\"text-decoration: underline; color: #3366ff;\"><strong><span class=\"JsGRdQ\">Finalit\u00e9s particuli\u00e8res des unit\u00e9 de langue :<\/span><\/strong><\/span><\/p>\n<p><span class=\"JsGRdQ\">L&rsquo;unit\u00e9 d&rsquo;enseignement vise \u00e0 amener l&rsquo;\u00e9tudiant \u00e0 la compr\u00e9hension globale et l&rsquo;utilisation active et spontan\u00e9e d&rsquo;expressions famili\u00e8res et d&rsquo;\u00e9nonc\u00e9s simples afin de satisfaire des besoins concrets dans le cadre de situations de communication de la vie quotidienne.<\/span><\/p>\n<p><span style=\"text-decoration: underline; color: #3366ff;\"><strong><span class=\"JsGRdQ\">Unit\u00e9s d&rsquo;enseignement<\/span> :<\/strong><\/span><\/p>\n<p class=\"_04xlpA direction-ltr align-center para-style-body\"><span class=\"JsGRdQ\">\u2022 Espagnol UE1 (120 p.)<br \/>\n<\/span><span class=\"JsGRdQ\">\u2022 Espagnol UE2 (120 p.)<br \/>\n<\/span><span class=\"JsGRdQ\">\u2022 Table de conversation (40 p.)<br \/>\n<\/span><span class=\"JsGRdQ\">\u2022 <\/span>Initiation \u00e0 la langue en situation<\/p>\n<p>Horaire :<\/p>\n<p class=\"_04xlpA direction-ltr align-center para-style-body\"><a href=\"https:\/\/eafc-thuin.be\/index.php\/horaire-langues\/\"><img decoding=\"async\" class=\"alignnone size-full wp-image-269\" src=\"https:\/\/eafc-thuin.be\/wp-content\/uploads\/2022\/01\/Timing_Miniature.png\" alt=\"\" width=\"100\" height=\"100\" \/><\/a><\/p>\n","protected":false},"excerpt":{"rendered":"<p>Pour : tout public, demandeur d&#8217;emploi, et titulaire d&rsquo;un certificat d&rsquo;enseignement secondaire inf\u00e9rieur (si pas vous pr\u00e9senterez un test d&rsquo;admission). Objectifs de la formation : Les composantes linguistiques (lexicales, grammaticales, s\u00e9mantiques, phonologiques et orthographiques), sociolinguistiques et pragmatiques de la comp\u00e9tence \u00e0 communiquer langagi\u00e8rement seront d\u00e9velopp\u00e9es \u00e0 partir de situations de [&hellip;]<\/p>\n","protected":false},"author":1,"featured_media":0,"parent":0,"menu_order":0,"comment_status":"closed","ping_status":"closed","template":"","meta":{"_themeisle_gutenberg_block_has_review":false,"footnotes":""},"class_list":["post-201","page","type-page","status-publish","hentry"],"_links":{"self":[{"href":"https:\/\/eafc-thuin.be\/index.php\/wp-json\/wp\/v2\/pages\/201","targetHints":{"allow":["GET"]}}],"collection":[{"href":"https:\/\/eafc-thuin.be\/index.php\/wp-json\/wp\/v2\/pages"}],"about":[{"href":"https:\/\/eafc-thuin.be\/index.php\/wp-json\/wp\/v2\/types\/page"}],"author":[{"embeddable":true,"href":"https:\/\/eafc-thuin.be\/index.php\/wp-json\/wp\/v2\/users\/1"}],"replies":[{"embeddable":true,"href":"https:\/\/eafc-thuin.be\/index.php\/wp-json\/wp\/v2\/comments?post=201"}],"version-history":[{"count":3,"href":"https:\/\/eafc-thuin.be\/index.php\/wp-json\/wp\/v2\/pages\/201\/revisions"}],"predecessor-version":[{"id":466,"href":"https:\/\/eafc-thuin.be\/index.php\/wp-json\/wp\/v2\/pages\/201\/revisions\/466"}],"wp:attachment":[{"href":"https:\/\/eafc-thuin.be\/index.php\/wp-json\/wp\/v2\/media?parent=201"}],"curies":[{"name":"wp","href":"https:\/\/api.w.org\/{rel}","templated":true}]}}

<p><span style="text-decoration: underline; color: #3366ff;"><strong>Pour :</strong></span><br />
tout public, demandeur d&#8217;emploi, et titulaire d&rsquo;un certificat d&rsquo;enseignement secondaire inférieur (si pas vous présenterez un test d&rsquo;admission).</p>
<p><strong><span class="JsGRdQ"><span style="text-decoration: underline; color: #3366ff;">Objectifs de la formation :</span><br />
</span></strong></p>
<p class="_04xlpA direction-ltr align-center para-style-body"><span class="JsGRdQ">Les composantes linguistiques (lexicales, grammaticales, sémantiques, phonologiques et orthographiques), sociolinguistiques et pragmatiques de la compétence à communiquer langagièrement seront développées à partir de situations de communication afin d&rsquo;amener les étudiants à :</span></p>
<p class="_04xlpA direction-ltr align-center para-style-body"><span class="JsGRdQ">• comprendre des messages oraux ;<br />
</span><span class="JsGRdQ">• comprendre des messages écrits ;<br />
</span><span class="JsGRdQ">• prendre part à une conversation ;<br />
</span><span class="JsGRdQ">• s&rsquo;exprimer oralement en continu ;<br />
</span><span class="JsGRdQ">• s&rsquo;exprimer par écrit.</span><strong><span class="JsGRdQ"><br />
</span></strong></p>
<p><span style="text-decoration: underline; color: #3366ff;"><strong><span class="JsGRdQ">Finalités particulières des unité de langue :</span></strong></span></p>
<p><span class="JsGRdQ">L&rsquo;unité d&rsquo;enseignement vise à amener l&rsquo;étudiant à la compréhension globale et l&rsquo;utilisation active et spontanée d&rsquo;expressions familières et d&rsquo;énoncés simples afin de satisfaire des besoins concrets dans le cadre de situations de communication de la vie quotidienne.</span></p>
<p><span style="text-decoration: underline; color: #3366ff;"><strong><span class="JsGRdQ">Unités d&rsquo;enseignement</span> :</strong></span></p>
<p class="_04xlpA direction-ltr align-center para-style-body"><span class="JsGRdQ">• Espagnol UE1 (120 p.)<br />
</span><span class="JsGRdQ">• Espagnol UE2 (120 p.)<br />
</span><span class="JsGRdQ">• Table de conversation (40 p.)<br />
</span><span class="JsGRdQ">• </span>Initiation à la langue en situation</p>
<p>Horaire :</p>
<p class="_04xlpA direction-ltr align-center para-style-body"><a href="https://eafc-thuin.be/index.php/horaire-langues/"><img decoding="async" class="alignnone size-full wp-image-269" src="https://eafc-thuin.be/wp-content/uploads/2022/01/Timing_Miniature.png" alt="" width="100" height="100" /></a></p>

<p>Pour : tout public, demandeur d&#8217;emploi, et titulaire d&rsquo;un certificat d&rsquo;enseignement secondaire inférieur (si pas vous présenterez un test d&rsquo;admission). Objectifs de la formation : Les composantes linguistiques (lexicales, grammaticales, sémantiques, phonologiques et orthographiques), sociolinguistiques et pragmatiques de la compétence à communiquer langagièrement seront développées à partir de situations de [&hellip;]</p>
