{"id":215,"date":"2021-10-14T14:38:47","date_gmt":"2021-10-14T14:38:47","guid":{"rendered":"https:\/\/eafc-thuin.be\/?page_id=215"},"modified":"2022-09-01T07:30:15","modified_gmt":"2022-09-01T07:30:15","slug":"sj","status":"publish","type":"page","link":"https:\/\/eafc-thuin.be\/index.php\/sj\/","title":{"rendered":"Secr\u00e9tariat juridique"},"content":{"rendered":"<p><em><strong>Formation organis\u00e9e en collaboration avec le Forem.<\/strong><\/em><br \/>\n<em><strong>Inscription pr\u00e9alable obligatoire \u00e0 la s\u00e9ance d&rsquo;information qui aura lieu au Forem<br \/>\nde Charleroi, 40 rue de Montigny, le 9 septembre.<br \/>\nL&rsquo;inscription \u00e0 cette s\u00e9ance en suivant ce lien <a href=\"https:\/\/agenda.leforem.be\/secretaire-juridique-2022-09-08.html\" target=\"_blank\" rel=\"noopener\">Secr\u00e9taire juridique | Agenda (leforem.be)<\/a><br \/>\n<\/strong><\/em><\/p>\n<p><strong>Objectifs de la formation<\/strong><br \/>\nCette section vise \u00e0 permettre \u00e0 l&rsquo;\u00e9tudiant d&rsquo;acqu\u00e9rir les comp\u00e9tences n\u00e9cessaires \u00e0 l&rsquo;exercice d&rsquo;une secr\u00e9taire juridique.<\/p>\n<p><strong>Horaire<\/strong><br \/>\nLes cours sont dispens\u00e9s <strong>en journ\u00e9e<\/strong> pendant <strong>une ann\u00e9e scolaire<\/strong>\u00a0:<br \/>\n\u00b7\u00a0\u00a0\u00a0\u00a0\u00a0\u00a0\u00a0\u00a0 5 jours par semaine,<br \/>\n\u00b7\u00a0\u00a0\u00a0\u00a0\u00a0\u00a0\u00a0\u00a0 de 8h30 \u00e0 16h.<\/p>\n<p><a href=\"https:\/\/eafc-thuin.be\/index.php\/horaire-secretariat-juridique\/\"><img decoding=\"async\" class=\"alignnone size-full wp-image-269\" src=\"https:\/\/eafc-thuin.be\/wp-content\/uploads\/2022\/01\/Timing_Miniature.png\" alt=\"\" width=\"100\" height=\"100\" \/><\/a><\/p>\n<p><strong>Titre obtenu<\/strong><br \/>\nAttestations de r\u00e9ussite au terme de chaque unit\u00e9 d&rsquo;enseignement.<br \/>\nAu terme de la formation,\u00a0certificat de secr\u00e9tariat juridique sp\u00e9cifique \u00e0 l&rsquo;enseignement secondaire sup\u00e9rieur de promotion sociale.<\/p>\n","protected":false},"excerpt":{"rendered":"<p>Formation organis\u00e9e en collaboration avec le Forem. Inscription pr\u00e9alable obligatoire \u00e0 la s\u00e9ance d&rsquo;information qui aura lieu au Forem de Charleroi, 40 rue de Montigny, le 9 septembre. L&rsquo;inscription \u00e0 cette s\u00e9ance en suivant ce lien Secr\u00e9taire juridique | Agenda (leforem.be) Objectifs de la formation Cette section vise \u00e0 permettre [&hellip;]<\/p>\n","protected":false},"author":1,"featured_media":0,"parent":0,"menu_order":0,"comment_status":"closed","ping_status":"closed","template":"","meta":{"_themeisle_gutenberg_block_has_review":false,"footnotes":""},"class_list":["post-215","page","type-page","status-publish","hentry"],"_links":{"self":[{"href":"https:\/\/eafc-thuin.be\/index.php\/wp-json\/wp\/v2\/pages\/215","targetHints":{"allow":["GET"]}}],"collection":[{"href":"https:\/\/eafc-thuin.be\/index.php\/wp-json\/wp\/v2\/pages"}],"about":[{"href":"https:\/\/eafc-thuin.be\/index.php\/wp-json\/wp\/v2\/types\/page"}],"author":[{"embeddable":true,"href":"https:\/\/eafc-thuin.be\/index.php\/wp-json\/wp\/v2\/users\/1"}],"replies":[{"embeddable":true,"href":"https:\/\/eafc-thuin.be\/index.php\/wp-json\/wp\/v2\/comments?post=215"}],"version-history":[{"count":8,"href":"https:\/\/eafc-thuin.be\/index.php\/wp-json\/wp\/v2\/pages\/215\/revisions"}],"predecessor-version":[{"id":474,"href":"https:\/\/eafc-thuin.be\/index.php\/wp-json\/wp\/v2\/pages\/215\/revisions\/474"}],"wp:attachment":[{"href":"https:\/\/eafc-thuin.be\/index.php\/wp-json\/wp\/v2\/media?parent=215"}],"curies":[{"name":"wp","href":"https:\/\/api.w.org\/{rel}","templated":true}]}}

Secrétariat juridique

<p><em><strong>Formation organisée en collaboration avec le Forem.</strong></em><br />
<em><strong>Inscription préalable obligatoire à la séance d&rsquo;information qui aura lieu au Forem<br />
de Charleroi, 40 rue de Montigny, le 9 septembre.<br />
L&rsquo;inscription à cette séance en suivant ce lien <a href="https://agenda.leforem.be/secretaire-juridique-2022-09-08.html" target="_blank" rel="noopener">Secrétaire juridique | Agenda (leforem.be)</a><br />
</strong></em></p>
<p><strong>Objectifs de la formation</strong><br />
Cette section vise à permettre à l&rsquo;étudiant d&rsquo;acquérir les compétences nécessaires à l&rsquo;exercice d&rsquo;une secrétaire juridique.</p>
<p><strong>Horaire</strong><br />
Les cours sont dispensés <strong>en journée</strong> pendant <strong>une année scolaire</strong> :<br />
·         5 jours par semaine,<br />
·         de 8h30 à 16h.</p>
<p><a href="https://eafc-thuin.be/index.php/horaire-secretariat-juridique/"><img decoding="async" class="alignnone size-full wp-image-269" src="https://eafc-thuin.be/wp-content/uploads/2022/01/Timing_Miniature.png" alt="" width="100" height="100" /></a></p>
<p><strong>Titre obtenu</strong><br />
Attestations de réussite au terme de chaque unité d&rsquo;enseignement.<br />
Au terme de la formation, certificat de secrétariat juridique spécifique à l&rsquo;enseignement secondaire supérieur de promotion sociale.</p>

<p>Formation organisée en collaboration avec le Forem. Inscription préalable obligatoire à la séance d&rsquo;information qui aura lieu au Forem de Charleroi, 40 rue de Montigny, le 9 septembre. L&rsquo;inscription à cette séance en suivant ce lien Secrétaire juridique | Agenda (leforem.be) Objectifs de la formation Cette section vise à permettre [&hellip;]</p>
