{"id":657,"date":"2026-04-07T07:17:31","date_gmt":"2026-04-07T07:17:31","guid":{"rendered":"https:\/\/eafc-thuin.be\/?page_id=657"},"modified":"2026-04-07T07:20:18","modified_gmt":"2026-04-07T07:20:18","slug":"contact-2","status":"publish","type":"page","link":"https:\/\/eafc-thuin.be\/index.php\/contact__trashed\/contact-2\/","title":{"rendered":"Contact"},"content":{"rendered":"\t\t<div data-elementor-type=\"wp-page\" data-elementor-id=\"657\" class=\"elementor elementor-657\">\n\t\t\t\t<div class=\"elementor-element elementor-element-2ca83b2 e-flex e-con-boxed e-con e-parent\" data-id=\"2ca83b2\" data-element_type=\"container\" data-e-type=\"container\" data-settings=\"{&quot;background_background&quot;:&quot;classic&quot;}\">\n\t\t\t\t\t<div class=\"e-con-inner\">\n\t\t\t\t<div class=\"elementor-element elementor-element-e19e56d elementor-widget elementor-widget-html\" data-id=\"e19e56d\" data-element_type=\"widget\" data-e-type=\"widget\" data-widget_type=\"html.default\">\n\t\t\t\t\t<div class=\"contact-zone-premium\">\r\n  <h1 class=\"contact-title-premium\">\r\n    <span>C<\/span>\r\n    <span>O<\/span>\r\n    <span>N<\/span>\r\n    <span>T<\/span>\r\n    <span>A<\/span>\r\n    <span>C<\/span>\r\n    <span>T<\/span>\r\n  <\/h1>\r\n  <div class=\"contact-line\"><\/div>\r\n<\/div>\r\n\r\n<style>\r\n.contact-zone-premium{\r\n  width:100%;\r\n  text-align:center;\r\n  padding:30px 20px;\r\n}\r\n\r\n.contact-title-premium{\r\n  margin:0;\r\n  font-size:72px;\r\n  font-weight:300;\r\n  letter-spacing:10px;\r\n  line-height:1.1;\r\n  color:#ffffff;\r\n}\r\n\r\n.contact-title-premium span{\r\n  display:inline-block;\r\n  opacity:0;\r\n  animation:contactLetterFade 0.8s ease forwards;\r\n}\r\n\r\n.contact-title-premium span:nth-child(1){animation-delay:0.10s;}\r\n.contact-title-premium span:nth-child(2){animation-delay:0.22s;}\r\n.contact-title-premium span:nth-child(3){animation-delay:0.34s;}\r\n.contact-title-premium span:nth-child(4){animation-delay:0.46s;}\r\n.contact-title-premium span:nth-child(5){animation-delay:0.58s;}\r\n.contact-title-premium span:nth-child(6){animation-delay:0.70s;}\r\n.contact-title-premium span:nth-child(7){animation-delay:0.82s;}\r\n\r\n.contact-line{\r\n  width:0;\r\n  height:2px;\r\n  background:rgba(255,255,255,0.75);\r\n  margin:18px auto 0 auto;\r\n  animation:lineGrow 1s ease forwards;\r\n  animation-delay:1s;\r\n}\r\n\r\n@keyframes contactLetterFade{\r\n  0%{\r\n    opacity:0;\r\n    transform:translateY(18px);\r\n    filter:blur(4px);\r\n  }\r\n  100%{\r\n    opacity:1;\r\n    transform:translateY(0);\r\n    filter:blur(0);\r\n  }\r\n}\r\n\r\n@keyframes lineGrow{\r\n  0%{\r\n    width:0;\r\n    opacity:0;\r\n  }\r\n  100%{\r\n    width:180px;\r\n    opacity:1;\r\n  }\r\n}\r\n\r\n@media (max-width:768px){\r\n  .contact-title-premium{\r\n    font-size:42px;\r\n    letter-spacing:6px;\r\n  }\r\n\r\n  .contact-line{\r\n    max-width:120px;\r\n  }\r\n}\r\n<\/style>\t\t\t\t<\/div>\n\t\t\t\t\t<\/div>\n\t\t\t\t<\/div>\n\t\t<div class=\"elementor-element elementor-element-128044a e-flex e-con-boxed e-con e-parent\" data-id=\"128044a\" data-element_type=\"container\" data-e-type=\"container\" data-settings=\"{&quot;background_background&quot;:&quot;classic&quot;}\">\n\t\t\t\t\t<div class=\"e-con-inner\">\n\t\t\t\t\t<\/div>\n\t\t\t\t<\/div>\n\t\t<div class=\"elementor-element elementor-element-8149c93 e-grid e-con-boxed e-con e-parent\" data-id=\"8149c93\" data-element_type=\"container\" data-e-type=\"container\" data-settings=\"{&quot;background_background&quot;:&quot;classic&quot;}\">\n\t\t\t\t\t<div class=\"e-con-inner\">\n\t\t\t\t<div class=\"elementor-element elementor-element-672f653 elementor-widget elementor-widget-text-editor\" data-id=\"672f653\" data-element_type=\"widget\" data-e-type=\"widget\" data-widget_type=\"text-editor.default\">\n\t\t\t\t\t\t\t\t\t<h1 style=\"text-align: center;\">Votre avenir commence ici. <br \/>Parlons-en ensemble.<\/h1><div style=\"text-align: center;\"><strong>\u00a0<\/strong><\/div><p style=\"margin-block: 0px 1.5em; color: #252525; font-family: Roboto, sans-serif; font-size: 15px; text-align: center;\">N\u2019h\u00e9sitez pas \u00e0 nous contacter<br \/>pour de plus amples informations.<\/p><p style=\"margin-block: 0px 1.5em; color: #252525; font-family: Roboto, sans-serif; font-size: 15px; text-align: center;\">Veuillez tenir compte qu\u2019en p\u00e9riode<br \/>\u00a0d\u2019inscriptions, nos lignes t\u00e9l\u00e9phoniques<br \/>\u00a0sont souvent occup\u00e9es. <br \/>Merci pour votre compr\u00e9hension et votre patience.<\/p>\t\t\t\t\t\t\t\t<\/div>\n\t\t<div class=\"elementor-element elementor-element-64364e3 e-con-full e-flex e-con e-child\" data-id=\"64364e3\" data-element_type=\"container\" data-e-type=\"container\">\n\t\t\t\t<div class=\"elementor-element elementor-element-f5f006d elementor-widget elementor-widget-image\" data-id=\"f5f006d\" data-element_type=\"widget\" data-e-type=\"widget\" data-widget_type=\"image.default\">\n\t\t\t\t\t\t\t\t\t\t\t\t\t\t\t<img fetchpriority=\"high\" decoding=\"async\" width=\"750\" height=\"500\" src=\"https:\/\/eafc-thuin.be\/wp-content\/uploads\/2026\/04\/Contactez-nous-depuis-le-coeur-historique-1024x683.png\" class=\"attachment-large size-large wp-image-667\" alt=\"\" srcset=\"https:\/\/eafc-thuin.be\/wp-content\/uploads\/2026\/04\/Contactez-nous-depuis-le-coeur-historique-1024x683.png 1024w, https:\/\/eafc-thuin.be\/wp-content\/uploads\/2026\/04\/Contactez-nous-depuis-le-coeur-historique-300x200.png 300w, https:\/\/eafc-thuin.be\/wp-content\/uploads\/2026\/04\/Contactez-nous-depuis-le-coeur-historique-768x512.png 768w, https:\/\/eafc-thuin.be\/wp-content\/uploads\/2026\/04\/Contactez-nous-depuis-le-coeur-historique-360x240.png 360w, https:\/\/eafc-thuin.be\/wp-content\/uploads\/2026\/04\/Contactez-nous-depuis-le-coeur-historique-174x116.png 174w, https:\/\/eafc-thuin.be\/wp-content\/uploads\/2026\/04\/Contactez-nous-depuis-le-coeur-historique.png 1536w\" sizes=\"(max-width: 750px) 100vw, 750px\" \/>\t\t\t\t\t\t\t\t\t\t\t\t\t\t\t<\/div>\n\t\t\t\t<\/div>\n\t\t\t\t\t<\/div>\n\t\t\t\t<\/div>\n\t\t<div class=\"elementor-element elementor-element-4abe48c e-flex e-con-boxed e-con e-parent\" data-id=\"4abe48c\" data-element_type=\"container\" data-e-type=\"container\" data-settings=\"{&quot;background_background&quot;:&quot;classic&quot;}\">\n\t\t\t\t\t<div class=\"e-con-inner\">\n\t\t\t\t<div class=\"elementor-element elementor-element-df143cd elementor-widget elementor-widget-spacer\" data-id=\"df143cd\" data-element_type=\"widget\" data-e-type=\"widget\" data-widget_type=\"spacer.default\">\n\t\t\t\t\t\t\t<div class=\"elementor-spacer\">\n\t\t\t<div class=\"elementor-spacer-inner\"><\/div>\n\t\t<\/div>\n\t\t\t\t\t\t<\/div>\n\t\t\t\t\t<\/div>\n\t\t\t\t<\/div>\n\t\t<div class=\"elementor-element elementor-element-7e2fbb2 e-grid e-con-boxed e-con e-parent\" data-id=\"7e2fbb2\" data-element_type=\"container\" data-e-type=\"container\" data-settings=\"{&quot;background_background&quot;:&quot;classic&quot;}\">\n\t\t\t\t\t<div class=\"e-con-inner\">\n\t\t\t\t<div class=\"elementor-element elementor-element-885a0f4 elementor-widget elementor-widget-text-editor\" data-id=\"885a0f4\" data-element_type=\"widget\" data-e-type=\"widget\" data-widget_type=\"text-editor.default\">\n\t\t\t\t\t\t\t\t\t<h1 style=\"text-align: center;\">Ouverture du secr\u00e9tariat<\/h1><p style=\"text-align: center;\">Du lundi au jeudi de 8H30 \u00e0 21H00<\/p><p style=\"text-align: center;\">Vendredi 8H30 \u00e0 16H<\/p><p style=\"text-align: center;\">071 59 51 53<\/p>\t\t\t\t\t\t\t\t<\/div>\n\t\t\t\t<div class=\"elementor-element elementor-element-6cde1f9 elementor-widget elementor-widget-text-editor\" data-id=\"6cde1f9\" data-element_type=\"widget\" data-e-type=\"widget\" data-widget_type=\"text-editor.default\">\n\t\t\t\t\t\t\t\t\t<h1 style=\"text-align: center;\">Inscription<\/h1><p style=\"text-align: center;\">A partir du 1 Juin 2026<\/p><p style=\"text-align: center;\">Uniquement sur rendez-vous<\/p><p style=\"text-align: center;\">rdv@eafc-thuin.be ou 071 59 51 53<\/p>\t\t\t\t\t\t\t\t<\/div>\n\t\t\t\t\t<\/div>\n\t\t\t\t<\/div>\n\t\t<div class=\"elementor-element elementor-element-6e3b62e e-flex e-con-boxed e-con e-parent\" data-id=\"6e3b62e\" data-element_type=\"container\" data-e-type=\"container\" data-settings=\"{&quot;background_background&quot;:&quot;classic&quot;}\">\n\t\t\t\t\t<div class=\"e-con-inner\">\n\t\t\t\t<div class=\"elementor-element elementor-element-779fb74 elementor-widget elementor-widget-spacer\" data-id=\"779fb74\" data-element_type=\"widget\" data-e-type=\"widget\" data-widget_type=\"spacer.default\">\n\t\t\t\t\t\t\t<div class=\"elementor-spacer\">\n\t\t\t<div class=\"elementor-spacer-inner\"><\/div>\n\t\t<\/div>\n\t\t\t\t\t\t<\/div>\n\t\t\t\t\t<\/div>\n\t\t\t\t<\/div>\n\t\t<div class=\"elementor-element elementor-element-583e144 e-grid e-con-boxed e-con e-parent\" data-id=\"583e144\" data-element_type=\"container\" data-e-type=\"container\" data-settings=\"{&quot;background_background&quot;:&quot;classic&quot;}\">\n\t\t\t\t\t<div class=\"e-con-inner\">\n\t\t\t\t<div class=\"elementor-element elementor-element-fbc70ea elementor-widget elementor-widget-google_maps\" data-id=\"fbc70ea\" data-element_type=\"widget\" data-e-type=\"widget\" data-widget_type=\"google_maps.default\">\n\t\t\t\t\t\t\t<div class=\"elementor-custom-embed\">\n\t\t\t<iframe loading=\"lazy\"\n\t\t\t\t\tsrc=\"https:\/\/maps.google.com\/maps?q=Grand%20rue%2052%20thuin&#038;t=m&#038;z=15&#038;output=embed&#038;iwloc=near\"\n\t\t\t\t\ttitle=\"Grand rue 52 thuin\"\n\t\t\t\t\taria-label=\"Grand rue 52 thuin\"\n\t\t\t><\/iframe>\n\t\t<\/div>\n\t\t\t\t\t\t<\/div>\n\t\t\t\t<div class=\"elementor-element elementor-element-a30c6f0 elementor-widget elementor-widget-text-editor\" data-id=\"a30c6f0\" data-element_type=\"widget\" data-e-type=\"widget\" data-widget_type=\"text-editor.default\">\n\t\t\t\t\t\t\t\t\t<h1 style=\"text-align: center;\">Adresse<\/h1><p style=\"text-align: center;\">Grand rue 52<\/p><p style=\"text-align: center;\">6530 THUIN<\/p><p style=\"text-align: center;\"><\/p><p><\/p><p style=\"text-align: center;\"><strong data-start=\"136\" data-end=\"170\">Parking paysager du Fauconnier<\/strong><\/p><p style=\"text-align: center;\"><br data-start=\"170\" data-end=\"173\" \/>Un parking de <strong data-start=\"187\" data-end=\"200\">66 places<\/strong> est accessible \u00e0 proximit\u00e9 imm\u00e9diate, rue Beno\u00eet Constant Fauconnier, le long du rempart Nord.<\/p><p style=\"text-align: center;\"><\/p><p><\/p>\t\t\t\t\t\t\t\t<\/div>\n\t\t\t\t\t<\/div>\n\t\t\t\t<\/div>\n\t\t<div class=\"elementor-element elementor-element-6091d31 e-flex e-con-boxed e-con e-parent\" data-id=\"6091d31\" data-element_type=\"container\" data-e-type=\"container\" data-settings=\"{&quot;background_background&quot;:&quot;classic&quot;}\">\n\t\t\t\t\t<div class=\"e-con-inner\">\n\t\t\t\t\t<\/div>\n\t\t\t\t<\/div>\n\t\t<div class=\"elementor-element elementor-element-846605b e-flex e-con-boxed e-con e-parent\" data-id=\"846605b\" data-element_type=\"container\" data-e-type=\"container\" data-settings=\"{&quot;background_background&quot;:&quot;classic&quot;}\">\n\t\t\t\t\t<div class=\"e-con-inner\">\n\t\t\t\t<div class=\"elementor-element elementor-element-f741311 elementor-widget elementor-widget-heading\" data-id=\"f741311\" data-element_type=\"widget\" data-e-type=\"widget\" data-widget_type=\"heading.default\">\n\t\t\t\t\t<h2 class=\"elementor-heading-title elementor-size-default\">Envoyez-nous un message<\/h2>\t\t\t\t<\/div>\n\t\t\t\t\t<\/div>\n\t\t\t\t<\/div>\n\t\t<div class=\"elementor-element elementor-element-1a7737c e-grid e-con-boxed e-con e-parent\" data-id=\"1a7737c\" data-element_type=\"container\" data-e-type=\"container\" data-settings=\"{&quot;background_background&quot;:&quot;classic&quot;}\">\n\t\t\t\t\t<div class=\"e-con-inner\">\n\t\t\t\t<div class=\"elementor-element elementor-element-161dcc6 elementor-widget elementor-widget-content_form_contact\" data-id=\"161dcc6\" data-element_type=\"widget\" data-e-type=\"widget\" data-widget_type=\"content_form_contact.default\">\n\t\t\t\t<div class=\"elementor-widget-container\">\n\t\t\t\t\t<form action=\"https:\/\/eafc-thuin.be\/wp-admin\/admin-post.php\" method=\"post\" name=\"content-form-161dcc6\" id=\"content-form-161dcc6\" class=\"ti-cf-module content-form content-form-contact content_form_contact\"><input type=\"hidden\" id=\"_wpnonce_contact\" name=\"_wpnonce_contact\" value=\"138bfa7b08\" \/><input type=\"hidden\" name=\"_wp_http_referer\" value=\"\/index.php\/contact__trashed\/contact-2\/\" \/><input type=\"hidden\" name=\"action\" value=\"content_form_submit\" \/><input type=\"hidden\" name=\"form-type\" value=\"contact\" \/><input type=\"hidden\" name=\"form-builder\" value=\"elementor\" \/><input type=\"hidden\" name=\"post-id\" value=\"657\" \/><input type=\"hidden\" name=\"form-id\" value=\"161dcc6\" \/><fieldset class=&quot;content-form-field-text elementor-column elementor-col-50&quot;><label for=\"data[161dcc6][name]\" >Nom<span class=\"required-mark\"> *<\/span><\/label><input type=\"text\" name=\"data[161dcc6][name]\" id=\"data[161dcc6][name]\" required=required  placeholder=\"Nom\"><\/fieldset><fieldset class=&quot;content-form-field-email elementor-column elementor-col-50&quot;><label for=\"data[161dcc6][email]\" >Email<span class=\"required-mark\"> *<\/span><\/label><input type=\"text\" name=\"data[161dcc6][email]\" id=\"data[161dcc6][email]\" required=required  placeholder=\"Email\"><\/fieldset><fieldset class=&quot;content-form-field-text elementor-column elementor-col-100&quot;><label for=\"data[161dcc6][phone]\" >T\u00e9l\u00e9phone<span class=\"required-mark\"> *<\/span><\/label><input type=\"text\" name=\"data[161dcc6][phone]\" id=\"data[161dcc6][phone]\" required=required  placeholder=\"T\u00e9l\u00e9phone\"><\/fieldset><fieldset class=&quot;content-form-field-textarea elementor-column elementor-col-100&quot;><label for=\"data[161dcc6][message]\" >Message<span class=\"required-mark\"> *<\/span><\/label><textarea name=\"data[161dcc6][message]\" id=\"data[161dcc6][message]\"  required=required placeholder=\"Message\" cols=\"30\" rows=\"5\"><\/textarea><\/fieldset><fieldset class=\"submit-form contact\"><button type=\"submit\" name=\"submit\"  value=\"submit-contact-161dcc6\" class=\"\">Envoyer<\/button><\/fieldset><\/form>\t\t\t\t<\/div>\n\t\t\t\t<\/div>\n\t\t\t\t\t<\/div>\n\t\t\t\t<\/div>\n\t\t<div class=\"elementor-element elementor-element-98f8d09 e-flex e-con-boxed e-con e-parent\" data-id=\"98f8d09\" data-element_type=\"container\" data-e-type=\"container\" data-settings=\"{&quot;background_background&quot;:&quot;classic&quot;}\">\n\t\t\t\t\t<div class=\"e-con-inner\">\n\t\t\t\t<div class=\"elementor-element elementor-element-16654ac elementor-widget elementor-widget-spacer\" data-id=\"16654ac\" data-element_type=\"widget\" data-e-type=\"widget\" data-widget_type=\"spacer.default\">\n\t\t\t\t\t\t\t<div class=\"elementor-spacer\">\n\t\t\t<div class=\"elementor-spacer-inner\"><\/div>\n\t\t<\/div>\n\t\t\t\t\t\t<\/div>\n\t\t\t\t\t<\/div>\n\t\t\t\t<\/div>\n\t\t\t\t<\/div>\n\t\t","protected":false},"excerpt":{"rendered":"<p>C O N T A C T Votre avenir commence ici. Parlons-en ensemble. \u00a0 N\u2019h\u00e9sitez pas \u00e0 nous contacter pour de plus amples informations. Veuillez tenir compte qu\u2019en p\u00e9riode d\u2019inscriptions, nos lignes t\u00e9l\u00e9phoniques sont souvent occup\u00e9es. Merci pour votre compr\u00e9hension et votre patience. Ouverture du secr\u00e9tariat Du lundi au jeudi [&hellip;]<\/p>\n","protected":false},"author":1,"featured_media":648,"parent":32,"menu_order":0,"comment_status":"closed","ping_status":"closed","template":"page-templates\/template-pagebuilder-full-width.php","meta":{"_themeisle_gutenberg_block_has_review":false,"footnotes":""},"class_list":["post-657","page","type-page","status-publish","has-post-thumbnail","hentry"],"_links":{"self":[{"href":"https:\/\/eafc-thuin.be\/index.php\/wp-json\/wp\/v2\/pages\/657","targetHints":{"allow":["GET"]}}],"collection":[{"href":"https:\/\/eafc-thuin.be\/index.php\/wp-json\/wp\/v2\/pages"}],"about":[{"href":"https:\/\/eafc-thuin.be\/index.php\/wp-json\/wp\/v2\/types\/page"}],"author":[{"embeddable":true,"href":"https:\/\/eafc-thuin.be\/index.php\/wp-json\/wp\/v2\/users\/1"}],"replies":[{"embeddable":true,"href":"https:\/\/eafc-thuin.be\/index.php\/wp-json\/wp\/v2\/comments?post=657"}],"version-history":[{"count":96,"href":"https:\/\/eafc-thuin.be\/index.php\/wp-json\/wp\/v2\/pages\/657\/revisions"}],"predecessor-version":[{"id":765,"href":"https:\/\/eafc-thuin.be\/index.php\/wp-json\/wp\/v2\/pages\/657\/revisions\/765"}],"up":[{"embeddable":true,"href":"https:\/\/eafc-thuin.be\/index.php\/wp-json\/wp\/v2\/pages\/32"}],"wp:featuredmedia":[{"embeddable":true,"href":"https:\/\/eafc-thuin.be\/index.php\/wp-json\/wp\/v2\/media\/648"}],"wp:attachment":[{"href":"https:\/\/eafc-thuin.be\/index.php\/wp-json\/wp\/v2\/media?parent=657"}],"curies":[{"name":"wp","href":"https:\/\/api.w.org\/{rel}","templated":true}]}}